{"id":802,"date":"2025-05-19T17:50:14","date_gmt":"2025-05-19T17:50:14","guid":{"rendered":"https:\/\/personalizadosreyfer.com\/?post_type=product&#038;p=802"},"modified":"2025-05-19T18:06:27","modified_gmt":"2025-05-19T18:06:27","slug":"anejo-cristalino-200ml","status":"publish","type":"product","link":"https:\/\/personalizadosreyfer.com\/index.php\/producto\/anejo-cristalino-200ml\/","title":{"rendered":"A\u00f1ejo Cristalino 200ml"},"content":{"rendered":"<div class=\"column mcb-column mcb-item-8g8uj4nva one laptop-one tablet-one mobile-one column_product_short_description\">\n<div class=\"mcb-column-inner mfn-module-wrapper mcb-column-inner-8g8uj4nva mcb-item-product_short_description-inner\">\n<div class=\"woocommerce-product-details__short-description\">\n<p>Madurado en barrica de roble, nuestro a\u00f1ejo es una explosi\u00f3n de aromas y sabores, sensaci\u00f3n de cremosidad y aromas a frutos secos.<\/p>\n<\/div>\n<\/div>\n<\/div>\n","protected":false},"excerpt":{"rendered":"<p>Madurado en barrica de roble, nuestro a\u00f1ejo es una explosi\u00f3n de aromas y sabores, sensaci\u00f3n de cremosidad y aromas a frutos secos.<\/p>\n","protected":false},"featured_media":808,"comment_status":"open","ping_status":"closed","template":"","meta":[],"product_brand":[],"product_cat":[46],"product_tag":[],"class_list":{"0":"post-802","1":"product","2":"type-product","3":"status-publish","4":"has-post-thumbnail","6":"product_cat-linea-punta-diamante","8":"first","9":"instock","10":"shipping-taxable","11":"product-type-simple"},"_links":{"self":[{"href":"https:\/\/personalizadosreyfer.com\/index.php\/wp-json\/wp\/v2\/product\/802","targetHints":{"allow":["GET"]}}],"collection":[{"href":"https:\/\/personalizadosreyfer.com\/index.php\/wp-json\/wp\/v2\/product"}],"about":[{"href":"https:\/\/personalizadosreyfer.com\/index.php\/wp-json\/wp\/v2\/types\/product"}],"replies":[{"embeddable":true,"href":"https:\/\/personalizadosreyfer.com\/index.php\/wp-json\/wp\/v2\/comments?post=802"}],"version-history":[{"count":1,"href":"https:\/\/personalizadosreyfer.com\/index.php\/wp-json\/wp\/v2\/product\/802\/revisions"}],"predecessor-version":[{"id":804,"href":"https:\/\/personalizadosreyfer.com\/index.php\/wp-json\/wp\/v2\/product\/802\/revisions\/804"}],"wp:featuredmedia":[{"embeddable":true,"href":"https:\/\/personalizadosreyfer.com\/index.php\/wp-json\/wp\/v2\/media\/808"}],"wp:attachment":[{"href":"https:\/\/personalizadosreyfer.com\/index.php\/wp-json\/wp\/v2\/media?parent=802"}],"wp:term":[{"taxonomy":"product_brand","embeddable":true,"href":"https:\/\/personalizadosreyfer.com\/index.php\/wp-json\/wp\/v2\/product_brand?post=802"},{"taxonomy":"product_cat","embeddable":true,"href":"https:\/\/personalizadosreyfer.com\/index.php\/wp-json\/wp\/v2\/product_cat?post=802"},{"taxonomy":"product_tag","embeddable":true,"href":"https:\/\/personalizadosreyfer.com\/index.php\/wp-json\/wp\/v2\/product_tag?post=802"}],"curies":[{"name":"wp","href":"https:\/\/api.w.org\/{rel}","templated":true}]}}