{"id":730,"date":"2025-04-15T19:59:52","date_gmt":"2025-04-15T19:59:52","guid":{"rendered":"https:\/\/personalizadosreyfer.com\/?post_type=product&#038;p=730"},"modified":"2025-04-15T20:02:34","modified_gmt":"2025-04-15T20:02:34","slug":"anejo-750ml-2","status":"publish","type":"product","link":"https:\/\/personalizadosreyfer.com\/index.php\/producto\/anejo-750ml-2\/","title":{"rendered":"A\u00f1ejo 750ml"},"content":{"rendered":"<p>Su distinguido color \u00e1mbar da la bienvenida a una experiencia repleta de sabores suaves y atrevidos, as\u00ed como un toque fresco, amaderado y con elegantes detalles de agave cocido y frutos secos.<\/p>\n<p>Todo lo anterior convierte al\u00a0Tequila Edici\u00f3n Limitada A\u00f1ejo\u00a0en un elixir dotado de car\u00e1cter y dinamismo en cada trabajo.<\/p>\n<p>Este tequila tambi\u00e9n se caracteriza por su perfil rom\u00e1ntico y suave pero atrevido al mismo tiempo.<\/p>\n<p>Desde el primer sorbo hasta el \u00faltimo, Tequila A\u00f1ejo Edici\u00f3n Limitada es una caricia de mineralidad al paladar que se complementa con un toque de especias.<\/p>\n","protected":false},"excerpt":{"rendered":"<p>Su distinguido color \u00e1mbar da la bienvenida a una experiencia repleta de sabores suaves y atrevidos, as\u00ed como un toque fresco, amaderado y con elegantes detalles de agave cocido y frutos secos.<\/p>\n<p>Todo lo anterior convierte al\u00a0Tequila Edici\u00f3n Limitada A\u00f1ejo\u00a0en un elixir dotado de car\u00e1cter y dinamismo en cada trabajo.<\/p>\n<p>Este tequila tambi\u00e9n se caracteriza por su perfil rom\u00e1ntico y suave pero atrevido al mismo tiempo.<\/p>\n<p>Desde el primer sorbo hasta el \u00faltimo, Tequila A\u00f1ejo Edici\u00f3n Limitada es una caricia de mineralidad al paladar que se complementa con un toque de especias.<\/p>\n","protected":false},"featured_media":735,"comment_status":"open","ping_status":"closed","template":"","meta":[],"product_brand":[],"product_cat":[50],"product_tag":[],"class_list":{"0":"post-730","1":"product","2":"type-product","3":"status-publish","4":"has-post-thumbnail","6":"product_cat-linea-edicion-limitada","8":"first","9":"instock","10":"shipping-taxable","11":"product-type-simple"},"_links":{"self":[{"href":"https:\/\/personalizadosreyfer.com\/index.php\/wp-json\/wp\/v2\/product\/730","targetHints":{"allow":["GET"]}}],"collection":[{"href":"https:\/\/personalizadosreyfer.com\/index.php\/wp-json\/wp\/v2\/product"}],"about":[{"href":"https:\/\/personalizadosreyfer.com\/index.php\/wp-json\/wp\/v2\/types\/product"}],"replies":[{"embeddable":true,"href":"https:\/\/personalizadosreyfer.com\/index.php\/wp-json\/wp\/v2\/comments?post=730"}],"version-history":[{"count":1,"href":"https:\/\/personalizadosreyfer.com\/index.php\/wp-json\/wp\/v2\/product\/730\/revisions"}],"predecessor-version":[{"id":733,"href":"https:\/\/personalizadosreyfer.com\/index.php\/wp-json\/wp\/v2\/product\/730\/revisions\/733"}],"wp:featuredmedia":[{"embeddable":true,"href":"https:\/\/personalizadosreyfer.com\/index.php\/wp-json\/wp\/v2\/media\/735"}],"wp:attachment":[{"href":"https:\/\/personalizadosreyfer.com\/index.php\/wp-json\/wp\/v2\/media?parent=730"}],"wp:term":[{"taxonomy":"product_brand","embeddable":true,"href":"https:\/\/personalizadosreyfer.com\/index.php\/wp-json\/wp\/v2\/product_brand?post=730"},{"taxonomy":"product_cat","embeddable":true,"href":"https:\/\/personalizadosreyfer.com\/index.php\/wp-json\/wp\/v2\/product_cat?post=730"},{"taxonomy":"product_tag","embeddable":true,"href":"https:\/\/personalizadosreyfer.com\/index.php\/wp-json\/wp\/v2\/product_tag?post=730"}],"curies":[{"name":"wp","href":"https:\/\/api.w.org\/{rel}","templated":true}]}}