{"id":673,"date":"2025-01-20T18:28:36","date_gmt":"2025-01-20T18:28:36","guid":{"rendered":"https:\/\/personalizadosreyfer.com\/?page_id=673"},"modified":"2025-04-16T00:07:46","modified_gmt":"2025-04-16T00:07:46","slug":"catalogo","status":"publish","type":"page","link":"https:\/\/personalizadosreyfer.com\/index.php\/catalogo\/","title":{"rendered":"Cat\u00e1logo"},"content":{"rendered":"\t\t<div data-elementor-type=\"wp-page\" data-elementor-id=\"673\" class=\"elementor elementor-673\" data-elementor-post-type=\"page\">\n\t\t\t\t<div class=\"elementor-element elementor-element-4c142ae e-flex e-con-boxed e-con e-parent\" data-id=\"4c142ae\" data-element_type=\"container\">\n\t\t\t\t\t<div class=\"e-con-inner\">\n\t\t\t\t<div class=\"elementor-element elementor-element-fd6409f elementor-widget elementor-widget-heading\" data-id=\"fd6409f\" data-element_type=\"widget\" data-widget_type=\"heading.default\">\n\t\t\t\t<div class=\"elementor-widget-container\">\n\t\t\t\t\t<h2 class=\"elementor-heading-title elementor-size-default\">Categor\u00edas<\/h2>\t\t\t\t<\/div>\n\t\t\t\t<\/div>\n\t\t\t\t<div class=\"elementor-element elementor-element-d3a9157 elementor-widget elementor-widget-spacer\" data-id=\"d3a9157\" data-element_type=\"widget\" data-widget_type=\"spacer.default\">\n\t\t\t\t<div class=\"elementor-widget-container\">\n\t\t\t\t\t\t\t<div class=\"elementor-spacer\">\n\t\t\t<div class=\"elementor-spacer-inner\"><\/div>\n\t\t<\/div>\n\t\t\t\t\t\t<\/div>\n\t\t\t\t<\/div>\n\t\t\t\t\t<\/div>\n\t\t\t\t<\/div>\n\t\t<div class=\"elementor-element elementor-element-e30d719 e-flex e-con-boxed e-con e-parent\" data-id=\"e30d719\" data-element_type=\"container\">\n\t\t\t\t\t<div class=\"e-con-inner\">\n\t\t\t\t<div class=\"elementor-element elementor-element-cebe061 elementor-product-loop-item--align-center elementor-grid-mobile-1 elementor-product-loop-item--align-center elementor-grid-4 elementor-grid-tablet-3 elementor-products-grid elementor-wc-products elementor-widget elementor-widget-wc-categories\" data-id=\"cebe061\" data-element_type=\"widget\" data-widget_type=\"wc-categories.default\">\n\t\t\t\t<div class=\"elementor-widget-container\">\n\t\t\t\t\t<div class=\"woocommerce columns-4\">\n<div class=\"products_wrapper mfn-woo-products isotope_wrapper default-woo-loop lm_wrapper\">\n\t<ul class=\"products elementor-grid \">\n<li class=\"product-category product first\">\n\t<a aria-label=\"Visitar la categor\u00eda de producto L\u00ednea Mezcal\" href=\"https:\/\/personalizadosreyfer.com\/index.php\/categoria-producto\/linea-mezcal\/\"><img fetchpriority=\"high\" decoding=\"async\" src=\"https:\/\/personalizadosreyfer.com\/wp-content\/uploads\/2025\/01\/MS_-800x800.png\" alt=\"L\u00ednea Mezcal\" width=\"800\" height=\"800\" srcset=\"https:\/\/personalizadosreyfer.com\/wp-content\/uploads\/2025\/01\/MS_-800x800.png 800w, https:\/\/personalizadosreyfer.com\/wp-content\/uploads\/2025\/01\/MS_-500x500.png 500w, https:\/\/personalizadosreyfer.com\/wp-content\/uploads\/2025\/01\/MS_-300x300.png 300w, https:\/\/personalizadosreyfer.com\/wp-content\/uploads\/2025\/01\/MS_-768x768.png 768w, https:\/\/personalizadosreyfer.com\/wp-content\/uploads\/2025\/01\/MS_-150x150.png 150w, https:\/\/personalizadosreyfer.com\/wp-content\/uploads\/2025\/01\/MS_-75x75.png 75w, https:\/\/personalizadosreyfer.com\/wp-content\/uploads\/2025\/01\/MS_-480x480.png 480w, https:\/\/personalizadosreyfer.com\/wp-content\/uploads\/2025\/01\/MS_.png 1080w\" sizes=\"(max-width:767px) 480px, (max-width:800px) 100vw, 800px\" \/>\t\t<h2 class=\"woocommerce-loop-category__title\">\n\t\t\tL\u00ednea Mezcal <mark class=\"count\">(2)<\/mark>\t\t<\/h2>\n\t\t<\/a><\/li>\n<li class=\"product-category product\">\n\t<a aria-label=\"Visitar la categor\u00eda de producto L\u00ednea Edici\u00f3n Limitada\" href=\"https:\/\/personalizadosreyfer.com\/index.php\/categoria-producto\/linea-edicion-limitada\/\"><img decoding=\"async\" data-src=\"https:\/\/personalizadosreyfer.com\/wp-content\/uploads\/2025\/04\/tequilaedicionlimitada-800x800.jpg\" alt=\"L\u00ednea Edici\u00f3n Limitada\" width=\"800\" height=\"800\" data-srcset=\"https:\/\/personalizadosreyfer.com\/wp-content\/uploads\/2025\/04\/tequilaedicionlimitada-800x800.jpg 800w, https:\/\/personalizadosreyfer.com\/wp-content\/uploads\/2025\/04\/tequilaedicionlimitada-150x150.jpg 150w, https:\/\/personalizadosreyfer.com\/wp-content\/uploads\/2025\/04\/tequilaedicionlimitada-300x300.jpg 300w\" data-sizes=\"(max-width:767px) 480px, (max-width:800px) 100vw, 800px\" src=\"data:image\/svg+xml;base64,PHN2ZyB3aWR0aD0iMSIgaGVpZ2h0PSIxIiB4bWxucz0iaHR0cDovL3d3dy53My5vcmcvMjAwMC9zdmciPjwvc3ZnPg==\" class=\"lazyload\" style=\"--smush-placeholder-width: 800px; --smush-placeholder-aspect-ratio: 800\/800;\" \/>\t\t<h2 class=\"woocommerce-loop-category__title\">\n\t\t\tL\u00ednea Edici\u00f3n Limitada <mark class=\"count\">(3)<\/mark>\t\t<\/h2>\n\t\t<\/a><\/li>\n<li class=\"product-category product\">\n\t<a aria-label=\"Visitar la categor\u00eda de producto L\u00ednea Colecci\u00f3n Cer\u00e1mica Edici\u00f3n Especial Luis Miguel\" href=\"https:\/\/personalizadosreyfer.com\/index.php\/categoria-producto\/linea-coleccion-ceramica-edicion-especial-luis-miguel\/\"><img decoding=\"async\" data-src=\"https:\/\/personalizadosreyfer.com\/wp-content\/uploads\/2025\/04\/01_Ceramica_Mb-800x800.jpg\" alt=\"L\u00ednea Colecci\u00f3n Cer\u00e1mica Edici\u00f3n Especial Luis Miguel\" width=\"800\" height=\"800\" data-srcset=\"https:\/\/personalizadosreyfer.com\/wp-content\/uploads\/2025\/04\/01_Ceramica_Mb-800x800.jpg 800w, https:\/\/personalizadosreyfer.com\/wp-content\/uploads\/2025\/04\/01_Ceramica_Mb-150x150.jpg 150w, https:\/\/personalizadosreyfer.com\/wp-content\/uploads\/2025\/04\/01_Ceramica_Mb-300x300.jpg 300w\" data-sizes=\"(max-width:767px) 480px, (max-width:800px) 100vw, 800px\" src=\"data:image\/svg+xml;base64,PHN2ZyB3aWR0aD0iMSIgaGVpZ2h0PSIxIiB4bWxucz0iaHR0cDovL3d3dy53My5vcmcvMjAwMC9zdmciPjwvc3ZnPg==\" class=\"lazyload\" style=\"--smush-placeholder-width: 800px; --smush-placeholder-aspect-ratio: 800\/800;\" \/>\t\t<h2 class=\"woocommerce-loop-category__title\">\n\t\t\tL\u00ednea Colecci\u00f3n Cer\u00e1mica Edici\u00f3n Especial Luis Miguel <mark class=\"count\">(3)<\/mark>\t\t<\/h2>\n\t\t<\/a><\/li>\n<li class=\"product-category product last\">\n\t<a aria-label=\"Visitar la categor\u00eda de producto L\u00ednea Platinium\" href=\"https:\/\/personalizadosreyfer.com\/index.php\/categoria-producto\/linea-platinium\/\"><img decoding=\"async\" data-src=\"https:\/\/personalizadosreyfer.com\/wp-content\/uploads\/2025\/01\/Platinium_AC-800x800.png\" alt=\"L\u00ednea Platinium\" width=\"800\" height=\"800\" data-srcset=\"https:\/\/personalizadosreyfer.com\/wp-content\/uploads\/2025\/01\/Platinium_AC-800x800.png 800w, https:\/\/personalizadosreyfer.com\/wp-content\/uploads\/2025\/01\/Platinium_AC-500x500.png 500w, https:\/\/personalizadosreyfer.com\/wp-content\/uploads\/2025\/01\/Platinium_AC-300x300.png 300w, https:\/\/personalizadosreyfer.com\/wp-content\/uploads\/2025\/01\/Platinium_AC-768x768.png 768w, https:\/\/personalizadosreyfer.com\/wp-content\/uploads\/2025\/01\/Platinium_AC-150x150.png 150w, https:\/\/personalizadosreyfer.com\/wp-content\/uploads\/2025\/01\/Platinium_AC-75x75.png 75w, https:\/\/personalizadosreyfer.com\/wp-content\/uploads\/2025\/01\/Platinium_AC-480x480.png 480w, https:\/\/personalizadosreyfer.com\/wp-content\/uploads\/2025\/01\/Platinium_AC.png 1080w\" data-sizes=\"(max-width:767px) 480px, (max-width:800px) 100vw, 800px\" src=\"data:image\/svg+xml;base64,PHN2ZyB3aWR0aD0iMSIgaGVpZ2h0PSIxIiB4bWxucz0iaHR0cDovL3d3dy53My5vcmcvMjAwMC9zdmciPjwvc3ZnPg==\" class=\"lazyload\" style=\"--smush-placeholder-width: 800px; --smush-placeholder-aspect-ratio: 800\/800;\" \/>\t\t<h2 class=\"woocommerce-loop-category__title\">\n\t\t\tL\u00ednea Platinium <mark class=\"count\">(4)<\/mark>\t\t<\/h2>\n\t\t<\/a><\/li>\n<li class=\"product-category product first\">\n\t<a aria-label=\"Visitar la categor\u00eda de producto L\u00ednea Edici\u00f3n Limitada Swarovski\" href=\"https:\/\/personalizadosreyfer.com\/index.php\/categoria-producto\/linea-edicion-limitada-swarovski\/\"><img decoding=\"async\" data-src=\"https:\/\/personalizadosreyfer.com\/wp-content\/uploads\/2025\/01\/EDLEA-800x800.png\" alt=\"L\u00ednea Edici\u00f3n Limitada Swarovski\" width=\"800\" height=\"800\" data-srcset=\"https:\/\/personalizadosreyfer.com\/wp-content\/uploads\/2025\/01\/EDLEA-800x800.png 800w, https:\/\/personalizadosreyfer.com\/wp-content\/uploads\/2025\/01\/EDLEA-500x500.png 500w, https:\/\/personalizadosreyfer.com\/wp-content\/uploads\/2025\/01\/EDLEA-300x300.png 300w, https:\/\/personalizadosreyfer.com\/wp-content\/uploads\/2025\/01\/EDLEA-768x768.png 768w, https:\/\/personalizadosreyfer.com\/wp-content\/uploads\/2025\/01\/EDLEA-150x150.png 150w, https:\/\/personalizadosreyfer.com\/wp-content\/uploads\/2025\/01\/EDLEA-75x75.png 75w, https:\/\/personalizadosreyfer.com\/wp-content\/uploads\/2025\/01\/EDLEA-480x480.png 480w, https:\/\/personalizadosreyfer.com\/wp-content\/uploads\/2025\/01\/EDLEA.png 1044w\" data-sizes=\"(max-width:767px) 480px, (max-width:800px) 100vw, 800px\" src=\"data:image\/svg+xml;base64,PHN2ZyB3aWR0aD0iMSIgaGVpZ2h0PSIxIiB4bWxucz0iaHR0cDovL3d3dy53My5vcmcvMjAwMC9zdmciPjwvc3ZnPg==\" class=\"lazyload\" style=\"--smush-placeholder-width: 800px; --smush-placeholder-aspect-ratio: 800\/800;\" \/>\t\t<h2 class=\"woocommerce-loop-category__title\">\n\t\t\tL\u00ednea Edici\u00f3n Limitada Swarovski <mark class=\"count\">(4)<\/mark>\t\t<\/h2>\n\t\t<\/a><\/li>\n<li class=\"product-category product\">\n\t<a aria-label=\"Visitar la categor\u00eda de producto L\u00ednea Arte Legendario de M\u00e9xico\" href=\"https:\/\/personalizadosreyfer.com\/index.php\/categoria-producto\/linea-arte-legendario-de-mexico\/\"><img decoding=\"async\" data-src=\"https:\/\/personalizadosreyfer.com\/wp-content\/uploads\/2025\/04\/481058662_657403006801030_3000276083527245788_n-800x800.jpg\" alt=\"L\u00ednea Arte Legendario de M\u00e9xico\" width=\"800\" height=\"800\" data-srcset=\"https:\/\/personalizadosreyfer.com\/wp-content\/uploads\/2025\/04\/481058662_657403006801030_3000276083527245788_n-800x800.jpg 800w, https:\/\/personalizadosreyfer.com\/wp-content\/uploads\/2025\/04\/481058662_657403006801030_3000276083527245788_n-500x500.jpg 500w, https:\/\/personalizadosreyfer.com\/wp-content\/uploads\/2025\/04\/481058662_657403006801030_3000276083527245788_n-300x300.jpg 300w, https:\/\/personalizadosreyfer.com\/wp-content\/uploads\/2025\/04\/481058662_657403006801030_3000276083527245788_n-768x768.jpg 768w, https:\/\/personalizadosreyfer.com\/wp-content\/uploads\/2025\/04\/481058662_657403006801030_3000276083527245788_n-150x150.jpg 150w, https:\/\/personalizadosreyfer.com\/wp-content\/uploads\/2025\/04\/481058662_657403006801030_3000276083527245788_n-75x75.jpg 75w, https:\/\/personalizadosreyfer.com\/wp-content\/uploads\/2025\/04\/481058662_657403006801030_3000276083527245788_n-480x480.jpg 480w, https:\/\/personalizadosreyfer.com\/wp-content\/uploads\/2025\/04\/481058662_657403006801030_3000276083527245788_n.jpg 1200w\" data-sizes=\"(max-width:767px) 480px, (max-width:800px) 100vw, 800px\" src=\"data:image\/svg+xml;base64,PHN2ZyB3aWR0aD0iMSIgaGVpZ2h0PSIxIiB4bWxucz0iaHR0cDovL3d3dy53My5vcmcvMjAwMC9zdmciPjwvc3ZnPg==\" class=\"lazyload\" style=\"--smush-placeholder-width: 800px; --smush-placeholder-aspect-ratio: 800\/800;\" \/>\t\t<h2 class=\"woocommerce-loop-category__title\">\n\t\t\tL\u00ednea Arte Legendario de M\u00e9xico <mark class=\"count\">(6)<\/mark>\t\t<\/h2>\n\t\t<\/a><\/li>\n<li class=\"product-category product\">\n\t<a aria-label=\"Visitar la categor\u00eda de producto L\u00ednea Cl\u00e1sica\" href=\"https:\/\/personalizadosreyfer.com\/index.php\/categoria-producto\/linea-clasica\/\"><img decoding=\"async\" data-src=\"https:\/\/personalizadosreyfer.com\/wp-content\/uploads\/2025\/01\/PB-Reposado-800x800.png\" alt=\"L\u00ednea Cl\u00e1sica\" width=\"800\" height=\"800\" data-srcset=\"https:\/\/personalizadosreyfer.com\/wp-content\/uploads\/2025\/01\/PB-Reposado-800x800.png 800w, https:\/\/personalizadosreyfer.com\/wp-content\/uploads\/2025\/01\/PB-Reposado-500x500.png 500w, https:\/\/personalizadosreyfer.com\/wp-content\/uploads\/2025\/01\/PB-Reposado-300x300.png 300w, https:\/\/personalizadosreyfer.com\/wp-content\/uploads\/2025\/01\/PB-Reposado-768x768.png 768w, https:\/\/personalizadosreyfer.com\/wp-content\/uploads\/2025\/01\/PB-Reposado-150x150.png 150w, https:\/\/personalizadosreyfer.com\/wp-content\/uploads\/2025\/01\/PB-Reposado-75x75.png 75w, https:\/\/personalizadosreyfer.com\/wp-content\/uploads\/2025\/01\/PB-Reposado-480x480.png 480w, https:\/\/personalizadosreyfer.com\/wp-content\/uploads\/2025\/01\/PB-Reposado.png 1080w\" data-sizes=\"(max-width:767px) 480px, (max-width:800px) 100vw, 800px\" src=\"data:image\/svg+xml;base64,PHN2ZyB3aWR0aD0iMSIgaGVpZ2h0PSIxIiB4bWxucz0iaHR0cDovL3d3dy53My5vcmcvMjAwMC9zdmciPjwvc3ZnPg==\" class=\"lazyload\" style=\"--smush-placeholder-width: 800px; --smush-placeholder-aspect-ratio: 800\/800;\" \/>\t\t<h2 class=\"woocommerce-loop-category__title\">\n\t\t\tL\u00ednea Cl\u00e1sica <mark class=\"count\">(7)<\/mark>\t\t<\/h2>\n\t\t<\/a><\/li>\n<li class=\"product-category product last\">\n\t<a aria-label=\"Visitar la categor\u00eda de producto L\u00ednea Punta Diamante\" href=\"https:\/\/personalizadosreyfer.com\/index.php\/categoria-producto\/linea-punta-diamante\/\"><img decoding=\"async\" data-src=\"https:\/\/personalizadosreyfer.com\/wp-content\/uploads\/2025\/01\/PD_Plata-800x800.png\" alt=\"L\u00ednea Punta Diamante\" width=\"800\" height=\"800\" data-srcset=\"https:\/\/personalizadosreyfer.com\/wp-content\/uploads\/2025\/01\/PD_Plata-800x800.png 800w, https:\/\/personalizadosreyfer.com\/wp-content\/uploads\/2025\/01\/PD_Plata-500x500.png 500w, https:\/\/personalizadosreyfer.com\/wp-content\/uploads\/2025\/01\/PD_Plata-300x300.png 300w, https:\/\/personalizadosreyfer.com\/wp-content\/uploads\/2025\/01\/PD_Plata-768x768.png 768w, https:\/\/personalizadosreyfer.com\/wp-content\/uploads\/2025\/01\/PD_Plata-150x150.png 150w, https:\/\/personalizadosreyfer.com\/wp-content\/uploads\/2025\/01\/PD_Plata-75x75.png 75w, https:\/\/personalizadosreyfer.com\/wp-content\/uploads\/2025\/01\/PD_Plata-480x480.png 480w, https:\/\/personalizadosreyfer.com\/wp-content\/uploads\/2025\/01\/PD_Plata.png 1080w\" data-sizes=\"(max-width:767px) 480px, (max-width:800px) 100vw, 800px\" src=\"data:image\/svg+xml;base64,PHN2ZyB3aWR0aD0iMSIgaGVpZ2h0PSIxIiB4bWxucz0iaHR0cDovL3d3dy53My5vcmcvMjAwMC9zdmciPjwvc3ZnPg==\" class=\"lazyload\" style=\"--smush-placeholder-width: 800px; --smush-placeholder-aspect-ratio: 800\/800;\" \/>\t\t<h2 class=\"woocommerce-loop-category__title\">\n\t\t\tL\u00ednea Punta Diamante <mark class=\"count\">(7)<\/mark>\t\t<\/h2>\n\t\t<\/a><\/li>\n\n\t<\/ul>\n<\/div><\/div>\t\t\t\t<\/div>\n\t\t\t\t<\/div>\n\t\t\t\t<div class=\"elementor-element elementor-element-bcfac24 elementor-widget elementor-widget-spacer\" data-id=\"bcfac24\" data-element_type=\"widget\" data-widget_type=\"spacer.default\">\n\t\t\t\t<div class=\"elementor-widget-container\">\n\t\t\t\t\t\t\t<div class=\"elementor-spacer\">\n\t\t\t<div class=\"elementor-spacer-inner\"><\/div>\n\t\t<\/div>\n\t\t\t\t\t\t<\/div>\n\t\t\t\t<\/div>\n\t\t\t\t\t<\/div>\n\t\t\t\t<\/div>\n\t\t\t\t<section class=\"elementor-section elementor-inner-section elementor-element elementor-element-b35c236 elementor-section-boxed elementor-section-height-default elementor-section-height-default\" data-id=\"b35c236\" data-element_type=\"section\">\n\t\t\t\t\t\t<div class=\"elementor-container elementor-column-gap-default\">\n\t\t\t\t\t<div class=\"elementor-column elementor-col-50 elementor-inner-column elementor-element elementor-element-a5df934\" data-id=\"a5df934\" data-element_type=\"column\">\n\t\t\t<div class=\"elementor-widget-wrap elementor-element-populated\">\n\t\t\t\t\t\t<div class=\"elementor-element elementor-element-6db82cf elementor-widget elementor-widget-image\" data-id=\"6db82cf\" data-element_type=\"widget\" data-widget_type=\"image.default\">\n\t\t\t\t<div class=\"elementor-widget-container\">\n\t\t\t\t\t\t\t\t\t\t\t\t\t\t\t<img decoding=\"async\" width=\"1080\" height=\"1080\" data-src=\"https:\/\/personalizadosreyfer.com\/wp-content\/uploads\/2025\/01\/TDRP_Bco01.png\" class=\"attachment-large size-large wp-image-329 lazyload\" alt=\"\" data-srcset=\"https:\/\/personalizadosreyfer.com\/wp-content\/uploads\/2025\/01\/TDRP_Bco01.png 1080w, https:\/\/personalizadosreyfer.com\/wp-content\/uploads\/2025\/01\/TDRP_Bco01-800x800.png 800w, https:\/\/personalizadosreyfer.com\/wp-content\/uploads\/2025\/01\/TDRP_Bco01-300x300.png 300w, https:\/\/personalizadosreyfer.com\/wp-content\/uploads\/2025\/01\/TDRP_Bco01-500x500.png 500w, https:\/\/personalizadosreyfer.com\/wp-content\/uploads\/2025\/01\/TDRP_Bco01-768x768.png 768w, https:\/\/personalizadosreyfer.com\/wp-content\/uploads\/2025\/01\/TDRP_Bco01-150x150.png 150w, https:\/\/personalizadosreyfer.com\/wp-content\/uploads\/2025\/01\/TDRP_Bco01-75x75.png 75w, https:\/\/personalizadosreyfer.com\/wp-content\/uploads\/2025\/01\/TDRP_Bco01-480x480.png 480w\" data-sizes=\"(max-width:767px) 480px, (max-width:1080px) 100vw, 1080px\" src=\"data:image\/svg+xml;base64,PHN2ZyB3aWR0aD0iMSIgaGVpZ2h0PSIxIiB4bWxucz0iaHR0cDovL3d3dy53My5vcmcvMjAwMC9zdmciPjwvc3ZnPg==\" style=\"--smush-placeholder-width: 1080px; --smush-placeholder-aspect-ratio: 1080\/1080;\" \/>\t\t\t\t\t\t\t\t\t\t\t\t\t\t\t<\/div>\n\t\t\t\t<\/div>\n\t\t\t\t<div class=\"elementor-element elementor-element-12c741b elementor-widget elementor-widget-text-editor\" data-id=\"12c741b\" data-element_type=\"widget\" data-widget_type=\"text-editor.default\">\n\t\t\t\t<div class=\"elementor-widget-container\">\n\t\t\t\t\t\t\t\t\t<h2>\u00a1Haz tu Regalo Inolvidable Hoy!<\/h2>\t\t\t\t\t\t\t\t<\/div>\n\t\t\t\t<\/div>\n\t\t\t\t<div class=\"elementor-element elementor-element-d768c95 elementor-widget elementor-widget-image\" data-id=\"d768c95\" data-element_type=\"widget\" data-widget_type=\"image.default\">\n\t\t\t\t<div class=\"elementor-widget-container\">\n\t\t\t\t\t\t\t\t\t\t\t\t\t\t\t<img decoding=\"async\" data-src=\"https:\/\/personalizadosreyfer.com\/wp-content\/uploads\/2021\/12\/whiskey2-sep1.svg\" title=\"\" alt=\"\" src=\"data:image\/svg+xml;base64,PHN2ZyB3aWR0aD0iMSIgaGVpZ2h0PSIxIiB4bWxucz0iaHR0cDovL3d3dy53My5vcmcvMjAwMC9zdmciPjwvc3ZnPg==\" class=\"lazyload\" \/>\t\t\t\t\t\t\t\t\t\t\t\t\t\t\t<\/div>\n\t\t\t\t<\/div>\n\t\t\t\t\t<\/div>\n\t\t<\/div>\n\t\t\t\t<div class=\"elementor-column elementor-col-50 elementor-inner-column elementor-element elementor-element-78ce337\" data-id=\"78ce337\" data-element_type=\"column\">\n\t\t\t<div class=\"elementor-widget-wrap elementor-element-populated\">\n\t\t\t\t\t\t<div class=\"elementor-element elementor-element-f03090b elementor-widget elementor-widget-text-editor\" data-id=\"f03090b\" data-element_type=\"widget\" data-widget_type=\"text-editor.default\">\n\t\t\t\t<div class=\"elementor-widget-container\">\n\t\t\t\t\t\t\t\t\t<p>Personaliza tu botella de <strong>Tequila Don Ram\u00f3n<\/strong> y sorprende a tus seres queridos con un detalle \u00fanico y especial.<\/p>\t\t\t\t\t\t\t\t<\/div>\n\t\t\t\t<\/div>\n\t\t<div class=\"elementor-element elementor-element-80d2701 e-grid e-con-boxed e-con e-parent\" data-id=\"80d2701\" data-element_type=\"container\">\n\t\t\t\t\t<div class=\"e-con-inner\">\n\t\t\t\t<div class=\"elementor-element elementor-element-ac7103b elementor-align-right elementor-mobile-align-center elementor-widget elementor-widget-button\" data-id=\"ac7103b\" data-element_type=\"widget\" data-widget_type=\"button.default\">\n\t\t\t\t<div class=\"elementor-widget-container\">\n\t\t\t\t\t\t\t\t\t<div class=\"elementor-button-wrapper\">\n\t\t\t\t\t<a class=\"elementor-button elementor-button-link elementor-size-sm\" href=\"https:\/\/personalizadosreyfer.com\/index.php\/contact\/\">\n\t\t\t\t\t\t<span class=\"elementor-button-content-wrapper\">\n\t\t\t\t\t\t\t\t\t<span class=\"elementor-button-text\">CONT\u00c1CTANOS<\/span>\n\t\t\t\t\t<\/span>\n\t\t\t\t\t<\/a>\n\t\t\t\t<\/div>\n\t\t\t\t\t\t\t\t<\/div>\n\t\t\t\t<\/div>\n\t\t\t\t<div class=\"elementor-element elementor-element-ec3ebd8 elementor-align-left elementor-mobile-align-center elementor-widget elementor-widget-button\" data-id=\"ec3ebd8\" data-element_type=\"widget\" data-widget_type=\"button.default\">\n\t\t\t\t<div class=\"elementor-widget-container\">\n\t\t\t\t\t\t\t\t\t<div class=\"elementor-button-wrapper\">\n\t\t\t\t\t<a class=\"elementor-button elementor-button-link elementor-size-sm\" href=\"https:\/\/personalizadosreyfer.com\/wp-content\/uploads\/2025\/01\/Catalogo-de-predisenos-2023_250120_114742.pdf\" target=\"_blank\">\n\t\t\t\t\t\t<span class=\"elementor-button-content-wrapper\">\n\t\t\t\t\t\t\t\t\t<span class=\"elementor-button-text\">VER CATALOGO PRE DISE\u00d1OS<\/span>\n\t\t\t\t\t<\/span>\n\t\t\t\t\t<\/a>\n\t\t\t\t<\/div>\n\t\t\t\t\t\t\t\t<\/div>\n\t\t\t\t<\/div>\n\t\t\t\t\t<\/div>\n\t\t\t\t<\/div>\n\t\t\t\t\t<\/div>\n\t\t<\/div>\n\t\t\t\t\t<\/div>\n\t\t<\/section>\n\t\t<div class=\"elementor-element elementor-element-86307ff e-flex e-con-boxed e-con e-parent\" data-id=\"86307ff\" data-element_type=\"container\">\n\t\t\t\t\t<div class=\"e-con-inner\">\n\t\t\t\t<div class=\"elementor-element elementor-element-a79baad elementor-widget elementor-widget-spacer\" data-id=\"a79baad\" data-element_type=\"widget\" data-widget_type=\"spacer.default\">\n\t\t\t\t<div class=\"elementor-widget-container\">\n\t\t\t\t\t\t\t<div class=\"elementor-spacer\">\n\t\t\t<div class=\"elementor-spacer-inner\"><\/div>\n\t\t<\/div>\n\t\t\t\t\t\t<\/div>\n\t\t\t\t<\/div>\n\t\t\t\t\t<\/div>\n\t\t\t\t<\/div>\n\t\t\t\t<\/div>\n\t\t","protected":false},"excerpt":{"rendered":"<p>Categor\u00edas \u00a1Haz tu Regalo Inolvidable Hoy! Personaliza tu botella de Tequila Don Ram\u00f3n y sorprende a tus seres queridos con un detalle \u00fanico y especial. CONT\u00c1CTANOS<span class=\"excerpt-hellip\"> [\u2026]<\/span><\/p>\n","protected":false},"author":1,"featured_media":0,"parent":0,"menu_order":0,"comment_status":"closed","ping_status":"closed","template":"","meta":{"footnotes":""},"class_list":["post-673","page","type-page","status-publish","hentry"],"_links":{"self":[{"href":"https:\/\/personalizadosreyfer.com\/index.php\/wp-json\/wp\/v2\/pages\/673","targetHints":{"allow":["GET"]}}],"collection":[{"href":"https:\/\/personalizadosreyfer.com\/index.php\/wp-json\/wp\/v2\/pages"}],"about":[{"href":"https:\/\/personalizadosreyfer.com\/index.php\/wp-json\/wp\/v2\/types\/page"}],"author":[{"embeddable":true,"href":"https:\/\/personalizadosreyfer.com\/index.php\/wp-json\/wp\/v2\/users\/1"}],"replies":[{"embeddable":true,"href":"https:\/\/personalizadosreyfer.com\/index.php\/wp-json\/wp\/v2\/comments?post=673"}],"version-history":[{"count":24,"href":"https:\/\/personalizadosreyfer.com\/index.php\/wp-json\/wp\/v2\/pages\/673\/revisions"}],"predecessor-version":[{"id":821,"href":"https:\/\/personalizadosreyfer.com\/index.php\/wp-json\/wp\/v2\/pages\/673\/revisions\/821"}],"wp:attachment":[{"href":"https:\/\/personalizadosreyfer.com\/index.php\/wp-json\/wp\/v2\/media?parent=673"}],"curies":[{"name":"wp","href":"https:\/\/api.w.org\/{rel}","templated":true}]}}